2 - 16*z + 40. Give l(13).
1
Let n(b) = 5*b**3 + b**2 - 3*b + 5. Calculate n(2).
43
Let m(p) = -p**2 - 11*p - 30. Give m(-6).
0
Let y(q) = q**3 + 4*q**2 - 4*q - 3. What is y(-3)?
18
Let j(t) = -3*t**2 + 18*t + 8. What is j(7)?
-13
Let m(n) = 3*n**2 - 17*n - 1. Determine m(6).
5
Let y(u) = 2*u - 1. Calculate y(-1).
-3
Let i(p) = -6*p - 81. Give i(-14).
3
Let x(y) = -4*y + 10. Give x(3).
-2
Let k(w) = 4*w + 53. Determine k(-11).
9
Let w(c) = 10*c + 1. Calculate w(0).
1
Let c(q) = 2*q - 4. Determine c(-5).
-14
Let q(v) = 6*v + 65. What is q(-11)?
-1
Let h(n) = -9*n - 1. Determine h(-6).
53
Let q(y) = y**2 - 2*y - 1. Calculate q(4).
7
Let r(u) = 3*u**2 + 3*u + 1. Give r(-2).
7
Let g(b) = -15*b + 17. Calculate g(5).
-58
Let r(a) = 3*a**2 + 11*a + 22. Calculate r(-7).
92
Let m(l) = -l**3 - 11*l**2 - 11*l - 4. Give m(-10).
6
Let w(h) = h**3 + 8*h**2 - 2*h. Determine w(-8).
16
Let x(y) = -3*y**2 - 12*y - 8. Give x(6).
-188
Let z(w) = -50*w - 8. What is z(1)?
-58
Let i(t) = 2*t**2 + 151*t + 78. Give i(-75).
3
Let i(g) = -g**3 - 11*g**2 + 24*g - 23. Give i(-13).
3
Let o(x) = -6*x + 3. Determine o(7).
-39
Let a(n) = -n + 37. What is a(13)?
24
Let z(q) = -q**2 + 7*q + 5. What is z(6)?
11
Let k(o) = 17*o + 318. What is k(-19)?
-5
Let w(l) = -2*l + 9. What is w(4)?
1
Let p(a) = a**2 + 11*a + 11. Determine p(-10).
1
Let h(k) = 2*k - 15. Give h(-12).
-39
Let g(d) = d**3 + 16*d**2 - 6*d - 123. Calculate g(-16).
-27
Let b(o) = -2*o - 5. What is b(-8)?
11
Let u(q) = -19*q**3 - 6*q**2 - 5*q + 1. What is u(-1)?
19
Let h(i) = -2*i + 7. Determine h(3).
1
Let u(o) = -17*o - 146. Calculate u(-9).
7
Let n(w) = w**3 - 5*w**2 - 7*w + 7. Calculate n(6).
1
Let i(z) = z**3 + 9*z**2 + 11*z + 23. What is i(-8)?
-1
Let x(o) = o**3 - 5*o**2 - 7*o + 27. Determine x(6).
21
Let s(h) = h**2 + 15*h + 16. Determine s(-12).
-20
Let v(u) = 2*u + 15. What is v(-10)?
-5
Let b(u) = 3*u**3 - u**2 + 4*u - 6. Calculate b(2).
22
Let l(m) = -8*m**3 + 3*m + 9. Give l(-2).
67
Let c(o) = -5*o. What is c(-4)?
20
Let m(r) = -11*r - 34. What is m(-3)?
-1
Let p(d) = d - 8. Calculate p(-6).
-14
Let z(s) = 9*s + 47. Give z(-5).
2
Let t(j) = 3*j + 3. Calculate t(3).
12
Let b(m) = -m**3 + 27*m - 7. What is b(5)?
3
Let v(b) = -12*b - 295. Determine v(-25).
5
Let m(c) = -c**3 - 15*c**2 + 13*c - 31. What is m(-16)?
17
Let g(v) = -31*v + 1. What is g(-1)?
32
Let v(a) = -a**3 - 16*a**2 - 13*a + 25. Determine v(-15).
-5
Let w(j) = -2*j**2 - 154*j + 3. Calculate w(-77).
3
Let y(b) = b**3 + 4*b**2 + 2*b + 7. Calculate y(-3).
10
Let o(u) = 2*u**2 + 23*u - 13. Determine o(-12).
-1
Let l(p) = 104*p**2 + 2*p + 1. Determine l(-1).
103
Let f(v) = v - 21. Calculate f(0).
-21
Let w(b) = 2*b**2 - 4*b + 13. What is w(3)?
19
Let x(a) = -a**3 - 2*a**2 - a + 105. Give x(0).
105
Let h(i) = -9*i**2 + 5*i - 3. Calculate h(1).
-7
Let g(c) = -c**2 - 16*c - 53. Give g(-4).
-5
Let t(d) = d**3 - 50*d**2 + 2*d - 143. Give t(50).
-43
Let r(u) = -2*u. Calculate r(4).
-8
Let w(o) = o**3 - 4*o**2 + 2*o - 7. What is w(5)?
28
Let q(l) = l**2 + 20*l - 21. Give q(-21).
0
Let d(f) = -f**2 - 10*f + 4. What is d(-9)?
13
Let r(k) = -k**3 + 3*k**2 + 7*k + 8. Calculate r(4).
20
Let l(x) = 2*x**2 - 19*x - 40. What is l(12)?
20
Let z(d) = -d + 2. Determine z(20).
-18
Let c(l) = 3*l + 30. What is c(-8)?
6
Let j(k) = -104*k + 1. Give j(2).
-207
Let p(x) = -x**3 - 5*x**2 - 6*x - 3. What is p(-2)?
-3
Let b(a) = -2*a**3 - 2*a + 1. Determine b(3).
-59
Let b(w) = -2*w**2 + 3*w + 6. Determine b(5).
-29
Let y(q) = q**2 - 12*q + 6. What is y(13)?
19
Let v(p) = -33*p - 207. Give v(-7).
24
Let t(i) = 33*i + 1056. Determine t(-32).
0
Let s(y) = 8*y**3 - 2*y**2 - 4*y - 3. Determine s(-1).
-9
Let x(m) = m**2 + 15*m + 26. Determine x(-13).
0
Let n(w) = -23*w + 156. Determine n(0).
156
Let m(s) = s**2 + 9*s + 11. Determine m(-5).
-9
Let l(c) = 10*c + 3. Give l(2).
23
Let x(g) = g**3 + 16*g**2 - 41*g - 43. Give x(-18).
47
Let q(v) = -v. Determine q(2).
-2
Let s(f) = 4*f + 1. Calculate s(-2).
-7
Let i(p) = -26*p**2 + 2*p. Determine i(2).
-100
Let b(x) = 5*x - 15. Determine b(-7).
-50
Let n(h) = -h**2 + 8*h + 4. Give n(9).
-5
Let m(d) = -2*d**2 - 2*d + 23. Determine m(4).
-17
Let u(a) = -3*a + 9. Calculate u(2).
3
Let o(k) = 31*k**2 + 2*k. Calculate o(-1).
29
Let f(h) = 4*h - 22. Give f(13).
30
Let v(a) = 13*a**2 + 75*a - 20. Give v(-6).
-2
Let j(x) = 4*x**2 - 17*x - 7. Give j(4).
-11
Let t(f) = 11*f**3 + f. What is t(-1)?
-12
Let o(u) = 2*u**2 + 4*u + 7. Give o(-2).
7
Let j(z) = 3*z + 7. Calculate j(-2).
1
Let b(a) = 34*a - 1. Determine b(-2).
-69
Let y(u) = 10*u + 74. Calculate y(5).
124
Let h(v) = -v**2 + 2*v + 10. Determine h(6).
-14
Let r(u) = -u**2 - 25*u - 14. Calculate r(-24).
10
Let x(y) = -4*y + 7. Determine x(0).
7
Let v(g) = 7*g + 6. What is v(0)?
6
Let v(p) = -14*p + 1. Calculate v(-1).
15
Let o(p) = -27*p + 1642. Calculate o(61).
-5
Let p(h) = -10*h - 524. Calculate p(-52).
-4
Let i(a) = 3*a**2 + 2*a - 1. Give i(2).
15
Let x(q) = 10*q - 154. Give x(16).
6
Let f(g) = -g**3 - 9*g**2 - 5*g + 4. Give f(-8).
-20
Let h(f) = -2*f**3 + 16*f**2 + 21*f - 5. Give h(9).
22
Let y(w) = w**3 - 8*w**2 - 10*w. Give y(9).
-9
Let f(u) = 9*u + 2. Determine f(-1).
-7
Let m(y) = 11*y**2 - 10*y + 3. What is m(2)?
27
Let s(l) = 9*l + 1. Give s(2).
19
Let q(b) = -b**3 + 13*b**2 - 17*b - 16. Calculate q(11).
39
Let h(a) = 8*a - 81. What is h(8)?
-17
Let b(n) = -4*n - 85. What is b(-11)?
-41
Let k(x) = 108*x - 317. What is k(3)?
7
Let l(h) = 6*h. What is l(-2)?
-12
Let n(c) = 9*c - 70. Give n(7).
-7
Let j(v) = v**3 + 35*v**2 - 38*v - 42. Calculate j(-36).
30
Let z(t) = t**3 + 6*t**2 + 3*t + 1. Give z(-5).
11
Let y(z) = 5*z**2 - 3*z - 3. Calculate y(-2).
23
Let n(k) = -12*k + 97. What is n(8)?
1
Let f(y) = -y**2 - 6*y - 1. Give f(-3).
8
Let q(o) = o**3 - 3*o**2 + 4*o - 4. Determine q(3).
8
Let f(a) = -15*a + 21. What is f(3)?
-24
Let b(q) = 4*q**2 + 35*q - 54. Calculate b(-10).
-4
Let a(d) = -7*d**3 - d**2 - d. What is a(-1)?
7
Let k(w) = -3*w - 45. Give k(0).
-45
Let b(f) = -5*f - 19. Determine b(-5).
6
Let c(h) = -h - 6. What is c(11)?
-17
Let b(c) = 6*c - 35. What is b(7)?
7
Let z(r) = 3*r**2 + 13*r + 12. Determine z(-4).
8
Let v(o) = o**3 + 4*o**2 - o - 13. Calculate v(-5).
-33
Let h(b) = -40*b**2 - b + 9. Determine h(0).
9
Let r(s) = -5*s + 11. Calculate r(0).
11
Let q(b) = b**2 + 8*b + 3. Give q(-6).
-9
Let a(n) = -n**3 - 6*n**2 + 4*n + 4. Calculate a(-6).
-20
Let t(p) = 2*p - 13. Determine t(7).
1
Let k(y) = -y**3 - 12*y**2 - 8*y + 16. Calculate k(-11).
-17
Let j(h) = -h + 1. Give j(0).
1
Let r(u) = -4*u + 63. What is r(18)?
-9
Let y(v) = 2*v**3 - 13*v**2 + 2*v + 12. What is y(6)?
-12
Let m(d) = 2*d**3 + 8*d**2 + 13*d + 14. What is m(-4)?
-38
Let t(m) = -13*m + 8. Calculate t(2).
-18
Let h(k) = -6*k + 124. What is h(20)?
4
Let s(p) = -p**2 + 4*p + 42. Calculate s(9).
-3
Let y(d) = -d**3 - 23*d**2 - 20*d + 47. Give y(-22).
3
Let s(c) = -11*c - 67. Give s(-7).
10
Let l(x) = x**3 + 13*x**2 + 16*x + 13. Give l(-12).
-35
Let x(t) = t**3 - 8*t**2 - 10*t + 18. Determine x(9).
9
Let p(r) = r**3 - r**2 - 2*r + 19. Give p(0).
19
Let t(q) = -q - 7. What is t(-4)?
-3
Let t(l) = 9*l**2 - 3*l + 1. Give t(2).
31
Let h(b) = 5*b - 255. Calculate h(50).
-5
Let w(t) = 2*t**2 - 15*t - 19. Give w(8).
-11
Let w(x) = -2*x**2 - 20*x - 13. Calculate w(-9).
5
Let g(z) = z - 12. What is g(4)?
-8
Let v(d) = -5*d + 27. Determine v(4).
7
Let f(h) = -h**3 - 2*h**2 - 7*h - 24. Calculate f(-3).
6
Let g(o) = -o**3 - 3*o**2 - o - 7. Calculate g(-3).
-4
Let j(g) = g**3 - 15*g**2 + 14*g + 18. Give j(14).
18
Let h(v) = 10*v**2 - 5*v - 4. Give h(-2).
46
Let z(o) = -2*o**2 - 20*o + 42. Determine z(-11).
20
Let b(q) = q**2 - 7*q + 23. Give b(3).
11
Let f(x) = -x. What is f(0)?
0
Let v(c) = -c**2 + 10*c + 7. What is v(5)?
32
Let d(a) = a**2 + 12*a - 5. Calculate d(-15).
40
Let l(x) = x - 2. What is l(-3)?
-5
Let p(v) = -7*v + 11. What is p(2)?
-3
Let l(k) = 6*k**2 - 3*k + 5. Calculate l(2).
23
Let j(f) = -3*f**2 + 2. What is j(-2)?
-10
Let j(q) = q**3 - 12*q**2 + 30*q + 4. Calculate j(4).
-4
Let u(o) = -7*o + 43. Give u(-6).
85
Let d(w) = -4*w + 4. Calculate d(-5).
24
Let x(d) = 35*d**3 - 12*d**2 + 12*d - 1. Calculate x(1).
34
Let q(a) = a**2 + 11*a. Calculate q(-8).
-24
Let b(m) = -3*m - 19. Calculate b(-5).
-4